{"id":1986,"date":"2022-09-07T18:45:57","date_gmt":"2022-09-07T21:45:57","guid":{"rendered":"https:\/\/www.graficarapidix.com.br\/nova\/?post_type=product&#038;p=1986"},"modified":"2022-09-07T21:18:25","modified_gmt":"2022-09-08T00:18:25","slug":"enviar-sua-arte-final","status":"publish","type":"product","link":"https:\/\/www.graficarapidix.com.br\/nova\/produto\/enviar-sua-arte-final\/","title":{"rendered":"Enviar sua arte final"},"content":{"rendered":"<p>\u2013 1.000 cart\u00f5es de visita<br \/>\n&#8211; Formato da arte final: 50X90mm<br \/>\n\u2013 Formato final do produto: 48x88mm<br \/>\n\u2013 Papel couch\u00ea brilho 250g<br \/>\n\u2013 Frente colorida (4\u00d70)<br \/>\n\u2013 Verso em branco<br \/>\n\u2013 Verniz total brilho na frente<br \/>\n\u2013 Acabamento corte reto<\/p>\n<p>&#8211; Veja como \u00e9 f\u00e1cil enviar a sua arte final. <a href=\"https:\/\/www.graficarapidix.com.br\/nova\/2022\/09\/07\/enviar-a-sua-arte-final-e-muito-facil\/\" rel=\"noopener noreferrer\"><strong><span style=\"color: #ff6600;\">Clique aqui<\/span><\/strong><\/a>!<br \/>\n&#8211; Prazo de produ\u00e7\u00e3o e entrega: 2 dias \u00fateis + frete<\/p>\n","protected":false},"excerpt":{"rendered":"<p>\u2013 1.000 cart\u00f5es de visita &#8211; Formato da arte final: 50X90mm \u2013 Formato final do produto: 48x88mm \u2013 Papel couch\u00ea brilho 250g \u2013 Frente colorida (4\u00d70) \u2013 Verso em branco \u2013 Verniz total brilho na frente \u2013 Acabamento corte reto &#8211; Veja como \u00e9 f\u00e1cil enviar a sua arte final. Clique aqui! &#8211; Prazo de [&hellip;]<\/p>\n","protected":false},"featured_media":2003,"template":"","meta":[],"product_cat":[53],"product_tag":[],"class_list":["post-1986","product","type-product","status-publish","has-post-thumbnail","hentry","product_cat-enviar_arte"],"yoast_head":"<!-- This site is optimized with the Yoast SEO plugin v19.10 - https:\/\/yoast.com\/wordpress\/plugins\/seo\/ -->\n<title>Enviar sua arte final - Gr\u00e1fica Rapidix<\/title>\n<meta name=\"robots\" content=\"index, follow, max-snippet:-1, max-image-preview:large, max-video-preview:-1\" \/>\n<link rel=\"canonical\" href=\"https:\/\/www.graficarapidix.com.br\/nova\/produto\/enviar-sua-arte-final\/\" \/>\n<meta property=\"og:locale\" content=\"pt_BR\" \/>\n<meta property=\"og:type\" content=\"article\" \/>\n<meta property=\"og:title\" content=\"Enviar sua arte final - Gr\u00e1fica Rapidix\" \/>\n<meta property=\"og:description\" content=\"\u2013 1.000 cart\u00f5es de visita &#8211; Formato da arte final: 50X90mm \u2013 Formato final do produto: 48x88mm \u2013 Papel couch\u00ea brilho 250g \u2013 Frente colorida (4\u00d70) \u2013 Verso em branco \u2013 Verniz total brilho na frente \u2013 Acabamento corte reto &#8211; Veja como \u00e9 f\u00e1cil enviar a sua arte final. Clique aqui! &#8211; Prazo de [&hellip;]\" \/>\n<meta property=\"og:url\" content=\"https:\/\/www.graficarapidix.com.br\/nova\/produto\/enviar-sua-arte-final\/\" \/>\n<meta property=\"og:site_name\" content=\"Gr\u00e1fica Rapidix\" \/>\n<meta property=\"article:modified_time\" content=\"2022-09-08T00:18:25+00:00\" \/>\n<meta property=\"og:image\" content=\"https:\/\/www.graficarapidix.com.br\/nova\/wp-content\/uploads\/2022\/09\/cartao-arte-final.jpg\" \/>\n\t<meta property=\"og:image:width\" content=\"1064\" \/>\n\t<meta property=\"og:image:height\" content=\"592\" \/>\n\t<meta property=\"og:image:type\" content=\"image\/jpeg\" \/>\n<meta name=\"twitter:card\" content=\"summary_large_image\" \/>\n<script type=\"application\/ld+json\" class=\"yoast-schema-graph\">{\"@context\":\"https:\/\/schema.org\",\"@graph\":[{\"@type\":\"WebPage\",\"@id\":\"https:\/\/www.graficarapidix.com.br\/nova\/produto\/enviar-sua-arte-final\/\",\"url\":\"https:\/\/www.graficarapidix.com.br\/nova\/produto\/enviar-sua-arte-final\/\",\"name\":\"Enviar sua arte final - Gr\u00e1fica Rapidix\",\"isPartOf\":{\"@id\":\"https:\/\/www.graficarapidix.com.br\/nova\/#website\"},\"datePublished\":\"2022-09-07T21:45:57+00:00\",\"dateModified\":\"2022-09-08T00:18:25+00:00\",\"breadcrumb\":{\"@id\":\"https:\/\/www.graficarapidix.com.br\/nova\/produto\/enviar-sua-arte-final\/#breadcrumb\"},\"inLanguage\":\"pt-BR\",\"potentialAction\":[{\"@type\":\"ReadAction\",\"target\":[\"https:\/\/www.graficarapidix.com.br\/nova\/produto\/enviar-sua-arte-final\/\"]}]},{\"@type\":\"BreadcrumbList\",\"@id\":\"https:\/\/www.graficarapidix.com.br\/nova\/produto\/enviar-sua-arte-final\/#breadcrumb\",\"itemListElement\":[{\"@type\":\"ListItem\",\"position\":1,\"name\":\"In\u00edcio\",\"item\":\"https:\/\/www.graficarapidix.com.br\/nova\/\"},{\"@type\":\"ListItem\",\"position\":2,\"name\":\"Loja\",\"item\":\"https:\/\/www.graficarapidix.com.br\/nova\/loja\/\"},{\"@type\":\"ListItem\",\"position\":3,\"name\":\"Enviar sua arte final\"}]},{\"@type\":\"WebSite\",\"@id\":\"https:\/\/www.graficarapidix.com.br\/nova\/#website\",\"url\":\"https:\/\/www.graficarapidix.com.br\/nova\/\",\"name\":\"Gr\u00e1fica Rapidix\",\"description\":\"Sua gr\u00e1fica on-line\",\"publisher\":{\"@id\":\"https:\/\/www.graficarapidix.com.br\/nova\/#organization\"},\"potentialAction\":[{\"@type\":\"SearchAction\",\"target\":{\"@type\":\"EntryPoint\",\"urlTemplate\":\"https:\/\/www.graficarapidix.com.br\/nova\/?s={search_term_string}\"},\"query-input\":\"required name=search_term_string\"}],\"inLanguage\":\"pt-BR\"},{\"@type\":\"Organization\",\"@id\":\"https:\/\/www.graficarapidix.com.br\/nova\/#organization\",\"name\":\"Gr\u00e1fica Rapidix\",\"url\":\"https:\/\/www.graficarapidix.com.br\/nova\/\",\"logo\":{\"@type\":\"ImageObject\",\"inLanguage\":\"pt-BR\",\"@id\":\"https:\/\/www.graficarapidix.com.br\/nova\/#\/schema\/logo\/image\/\",\"url\":\"https:\/\/www.graficarapidix.com.br\/nova\/wp-content\/uploads\/2020\/04\/grafica_rapidix_logo.jpg\",\"contentUrl\":\"https:\/\/www.graficarapidix.com.br\/nova\/wp-content\/uploads\/2020\/04\/grafica_rapidix_logo.jpg\",\"width\":190,\"height\":96,\"caption\":\"Gr\u00e1fica Rapidix\"},\"image\":{\"@id\":\"https:\/\/www.graficarapidix.com.br\/nova\/#\/schema\/logo\/image\/\"}}]}<\/script>\n<!-- \/ Yoast SEO plugin. -->","yoast_head_json":{"title":"Enviar sua arte final - Gr\u00e1fica Rapidix","robots":{"index":"index","follow":"follow","max-snippet":"max-snippet:-1","max-image-preview":"max-image-preview:large","max-video-preview":"max-video-preview:-1"},"canonical":"https:\/\/www.graficarapidix.com.br\/nova\/produto\/enviar-sua-arte-final\/","og_locale":"pt_BR","og_type":"article","og_title":"Enviar sua arte final - Gr\u00e1fica Rapidix","og_description":"\u2013 1.000 cart\u00f5es de visita &#8211; Formato da arte final: 50X90mm \u2013 Formato final do produto: 48x88mm \u2013 Papel couch\u00ea brilho 250g \u2013 Frente colorida (4\u00d70) \u2013 Verso em branco \u2013 Verniz total brilho na frente \u2013 Acabamento corte reto &#8211; Veja como \u00e9 f\u00e1cil enviar a sua arte final. Clique aqui! &#8211; Prazo de [&hellip;]","og_url":"https:\/\/www.graficarapidix.com.br\/nova\/produto\/enviar-sua-arte-final\/","og_site_name":"Gr\u00e1fica Rapidix","article_modified_time":"2022-09-08T00:18:25+00:00","og_image":[{"width":1064,"height":592,"url":"https:\/\/www.graficarapidix.com.br\/nova\/wp-content\/uploads\/2022\/09\/cartao-arte-final.jpg","type":"image\/jpeg"}],"twitter_card":"summary_large_image","schema":{"@context":"https:\/\/schema.org","@graph":[{"@type":"WebPage","@id":"https:\/\/www.graficarapidix.com.br\/nova\/produto\/enviar-sua-arte-final\/","url":"https:\/\/www.graficarapidix.com.br\/nova\/produto\/enviar-sua-arte-final\/","name":"Enviar sua arte final - Gr\u00e1fica Rapidix","isPartOf":{"@id":"https:\/\/www.graficarapidix.com.br\/nova\/#website"},"datePublished":"2022-09-07T21:45:57+00:00","dateModified":"2022-09-08T00:18:25+00:00","breadcrumb":{"@id":"https:\/\/www.graficarapidix.com.br\/nova\/produto\/enviar-sua-arte-final\/#breadcrumb"},"inLanguage":"pt-BR","potentialAction":[{"@type":"ReadAction","target":["https:\/\/www.graficarapidix.com.br\/nova\/produto\/enviar-sua-arte-final\/"]}]},{"@type":"BreadcrumbList","@id":"https:\/\/www.graficarapidix.com.br\/nova\/produto\/enviar-sua-arte-final\/#breadcrumb","itemListElement":[{"@type":"ListItem","position":1,"name":"In\u00edcio","item":"https:\/\/www.graficarapidix.com.br\/nova\/"},{"@type":"ListItem","position":2,"name":"Loja","item":"https:\/\/www.graficarapidix.com.br\/nova\/loja\/"},{"@type":"ListItem","position":3,"name":"Enviar sua arte final"}]},{"@type":"WebSite","@id":"https:\/\/www.graficarapidix.com.br\/nova\/#website","url":"https:\/\/www.graficarapidix.com.br\/nova\/","name":"Gr\u00e1fica Rapidix","description":"Sua gr\u00e1fica on-line","publisher":{"@id":"https:\/\/www.graficarapidix.com.br\/nova\/#organization"},"potentialAction":[{"@type":"SearchAction","target":{"@type":"EntryPoint","urlTemplate":"https:\/\/www.graficarapidix.com.br\/nova\/?s={search_term_string}"},"query-input":"required name=search_term_string"}],"inLanguage":"pt-BR"},{"@type":"Organization","@id":"https:\/\/www.graficarapidix.com.br\/nova\/#organization","name":"Gr\u00e1fica Rapidix","url":"https:\/\/www.graficarapidix.com.br\/nova\/","logo":{"@type":"ImageObject","inLanguage":"pt-BR","@id":"https:\/\/www.graficarapidix.com.br\/nova\/#\/schema\/logo\/image\/","url":"https:\/\/www.graficarapidix.com.br\/nova\/wp-content\/uploads\/2020\/04\/grafica_rapidix_logo.jpg","contentUrl":"https:\/\/www.graficarapidix.com.br\/nova\/wp-content\/uploads\/2020\/04\/grafica_rapidix_logo.jpg","width":190,"height":96,"caption":"Gr\u00e1fica Rapidix"},"image":{"@id":"https:\/\/www.graficarapidix.com.br\/nova\/#\/schema\/logo\/image\/"}}]}},"_links":{"self":[{"href":"https:\/\/www.graficarapidix.com.br\/nova\/wp-json\/wp\/v2\/product\/1986","targetHints":{"allow":["GET"]}}],"collection":[{"href":"https:\/\/www.graficarapidix.com.br\/nova\/wp-json\/wp\/v2\/product"}],"about":[{"href":"https:\/\/www.graficarapidix.com.br\/nova\/wp-json\/wp\/v2\/types\/product"}],"wp:featuredmedia":[{"embeddable":true,"href":"https:\/\/www.graficarapidix.com.br\/nova\/wp-json\/wp\/v2\/media\/2003"}],"wp:attachment":[{"href":"https:\/\/www.graficarapidix.com.br\/nova\/wp-json\/wp\/v2\/media?parent=1986"}],"wp:term":[{"taxonomy":"product_cat","embeddable":true,"href":"https:\/\/www.graficarapidix.com.br\/nova\/wp-json\/wp\/v2\/product_cat?post=1986"},{"taxonomy":"product_tag","embeddable":true,"href":"https:\/\/www.graficarapidix.com.br\/nova\/wp-json\/wp\/v2\/product_tag?post=1986"}],"curies":[{"name":"wp","href":"https:\/\/api.w.org\/{rel}","templated":true}]}}